 digit of o?
1
Let j(l) = -3*l**3 + 3*l**2 - 8*l + 2*l**3 + 6*l**2. Let p be j(8). Let a(x) = -x**3 - x + 8. What is the units digit of a(p)?
8
Let a = -25 - -28. Suppose -7*p + 6*p = -a. What is the units digit of p?
3
What is the units digit of (-12)/2*(-104)/12?
2
Suppose -207 = r - 4*r. What is the units digit of r?
9
Let i = -12 - 4. Let z = -1 - i. What is the tens digit of z?
1
Let d = 13 + 0. What is the tens digit of d?
1
What is the tens digit of 92 - (-1 + 1 + (0 - -2))?
9
Suppose -3*d = -4*q - 18, 0 = d - 5*d - 2*q + 2. Suppose -10 = -a - d. What is the units digit of a?
8
Suppose 0 = u + u + 2. Let g = u + 29. What is the tens digit of g?
2
Suppose c = -2*i - 16, -3*c - c - 2*i - 34 = 0. Let v(n) = n + 12. What is the units digit of v(c)?
6
Suppose -1 - 17 = 3*o. Let q(w) = w**3 + 6*w**2 + 5. Let g be q(o). Suppose -5*x + 7 + 28 = 5*v, -g*x + v = -11. What is the units digit of x?
3
Let x(g) = -g**3 - 3*g**2 + g + 3. Let w be -1 + 1 - (4 + -1). Let h be x(w). Suppose q + h = 2. What is the units digit of q?
2
Let z = 16 - 41. Let g = -2 - z. What is the tens digit of g?
2
What is the hundreds digit of (3/9)/(1/645)?
2
Suppose -8 = -3*y - x, 2*y - 5*y + 12 = -3*x. Suppose y*h - 8*h = 4*o + 9, 0 = -2*o + 5*h + 33. What is the units digit of o?
4
What is the tens digit of 171/(-27)*(-4 - -1)?
1
Let r be (-122)/(-14) + 16/56. Let u = 15 - r. Suppose -u = -2*h - 2. What is the units digit of h?
2
Suppose a + 6 - 19 = 0. What is the units digit of a?
3
Suppose -641 = -4*t - 33. What is the units digit of t?
2
Suppose 2 = s - 33. What is the units digit of 95/s - (-4)/14?
3
Let c be 2/6*(-12 - -12). Suppose 2*s + c*m = 5*m + 66, 0 = 3*m. What is the units digit of s?
3
What is the hundreds digit of (-4 - (-5)/1)*(-1 + 282)?
2
Suppose 9 = 4*o + 1. Suppose -140 = -4*j + 2*n - 0*n, -4*j + 4*n = -136. Suppose o*a - 6*a + j = 0. What is the units digit of a?
9
Let z(a) = -3*a - 7. Let j be z(-5). Let f(q) = q**3 - 8*q**2 + 3*q - 4. Let x be f(j). What is the units digit of x/1 - (1 - -2)?
7
Suppose -3*o = 2 + 1, -4*m = o - 127. Suppose 4*b - 5*i - m = 0, 4*i + 29 = 5*b - 2. What is the units digit of b?
3
Suppose -o + 15 = 2*o. Suppose -o*y + 23 = 3. What is the units digit of y?
4
Let v(b) = b - 10. Let z be v(13). Suppose -4*i + z*d = -3*i + 8, 0 = 3*i + 3*d - 24. What is the units digit of i/10 - (-54)/15?
4
Suppose 3*m - 7 = 3*b + 5, 3*b = 5*m - 18. What is the units digit of b/2*(0 + -4)?
2
Let q(c) = -c**2 + 6*c + 8. Suppose v - 4 - 14 = 0. Let m be (v/15 + 0)*5. What is the units digit of q(m)?
8
Suppose -12 = 2*r - 160. What is the tens digit of r?
7
Let g = 79 - 75. What is the units digit of g?
4
What is the units digit of 21/((-12)/(-56) - -2 - 2)?
8
Let n(y) = 3*y**2 + y. Let d be n(2). Suppose d + 50 = 5*j + 3*s, 0 = 3*j - 5*s - 18. What is the tens digit of j?
1
Let f(j) = j + 137. What is the tens digit of f(0)?
3
Let l = 5 + -2. Suppose -l*h + 4 = h. What is the units digit of h?
1
Let g = -206 + 6. Let z be g/35 - 2/7. What is the units digit of z/7*(-9 - -2)?
6
Let n be (13 - -3)*(-5)/2. Let c be 6/4*n/(-15). Suppose 4*x - c*w = 52, 2*w = x - 9 - 2. What is the units digit of x?
5
Let k(x) = -x**2 + 3*x - 2. Let b be k(2). Suppose -3*r + 1 + 122 = b. What is the tens digit of r?
4
Let l be 9/3 + (5 - 2). Let u be -7 - -4 - l/(-1). Suppose -w + 24 = 3*q, -3 = -u*w + 6. What is the units digit of q?
7
Suppose -2*a - 3*o = -7*o + 8, -5*a - 2*o + 4 = 0. Suppose a = -p + 4*s + 39, -95 = -4*p - 3*s - 15. What is the units digit of p?
3
Let s = 198 + -107. Suppose 4*q + 2*t = 90, -3*q - 2*t = 26 - s. What is the tens digit of q?
2
Let r = 6 - 6. What is the units digit of -12*(r + -1) - 0?
2
Let n(s) = -2*s - 19. Let a be n(-14). Let m be 19/(-3) - (-4)/(-6). Let d = m + a. What is the units digit of d?
2
Let d = 23 - 4. Suppose -16 = -5*z + d. What is the units digit of z?
7
Let u(j) = -2*j**2 + 4*j - 1. Let r be u(4). What is the units digit of 1/(-2)*(r + 3)?
7
Let a(d) = -8*d - 7. Let b be a(-4). Suppose -p + 0*p - 4*t + b = 0, 0 = -p - 5*t + 24. What is the tens digit of p?
2
Suppose o = -0*o + 9. Let k = o - 6. Suppose 0 = 5*f - 25, 2*f - 25 = -2*p - k*p. What is the units digit of p?
3
Let v(t) = -2*t**3 + t**2 - t + 2. What is the units digit of v(-2)?
4
Let u(s) = 2*s - 2 + 0*s + s**2 - 3. What is the units digit of u(5)?
0
Suppose 4*o - x = -3*x + 1162, 5*x + 878 = 3*o. What is the hundreds digit of o?
2
Suppose 3*u - 2 = -5*p - 34, -p + 4*u + 12 = 0. Let d(j) = j**3 + 4*j**2 - 2*j + 4. Let i be d(p). What is the units digit of (0 + (-3)/(-4))*i?
9
Suppose 5*v - 91 - 202 = n, -5*n = -v + 49. What is the units digit of v?
9
Suppose -17*y + 52 = -16*y. Suppose 0 = -3*f - 2*i + 77, 4*i - 48 = -4*f + y. What is the tens digit of f?
2
Let k = 11 + -6. Let x(z) = z**3 - 6*z**2 + 5*z + 1. Let a be x(k). What is the units digit of a - 2/(-1 - 1)?
2
Let b = -11 - -15. Let z = b - -1. What is the units digit of z?
5
Let n(r) = r**3 - 5*r**2 + r. Suppose 3*y - 27 = -2*o, 5*o + 5*y - 33 = 22. Let p = -1 + o. What is the units digit of n(p)?
5
Let a(o) = -2*o + 8. Let h be a(7). What is the units digit of (-21)/h*(-30)/(-35)?
3
Let z be 1/2 + 712/(-16). What is the units digit of (-2)/(-11) + (-256)/z?
6
Let m(p) = 7*p**3 + 9*p**2 - 8*p + 14. Let n(l) = 6*l**3 + 9*l**2 - 8*l + 13. Let f(z) = 5*m(z) - 6*n(z). What is the units digit of f(-10)?
2
Let r be 5*1 - 1/1. Let f = -2 + r. Suppose f*h - 4*l = h - 3, -4*h + 9 = 5*l. What is the units digit of h?
1
Let m(o) = 4*o - 3. Let w be m(3). Let q = w + -5. What is the units digit of 42/12 - 2/q?
3
Let d(t) = 2*t + 10. Suppose -22 = s - 5*o, -3*s + o = 20 + 4. Let b be d(s). Let x = -2 - b. What is the units digit of x?
2
Let p(n) be the third derivative of -n**6/120 - n**5/10 + 5*n**4/24 - n**3 + 9*n**2. What is the units digit of p(-7)?
8
Suppose 4*l + 3*i = 27, -2*l + i = 3*l - 10. Let w be (-1)/2*(5 - 7). Let u = w + l. What is the units digit of u?
4
Suppose 3*f = -4*v - 80, 87 + 20 = -4*f - 5*v. Let w = f + 48. Let x = 28 - w. What is the units digit of x?
8
Suppose -2*s = 5*b - 73, -2*b + 188 = 4*s - 6*b. What is the units digit of s?
4
Let j(d) = -3*d**2 - d + 1. Let h be j(-2). What is the units digit of (-9)/(-12) + h/(-4)?
3
Suppose 7 = -4*l - 9. Let u = 2 + -4. What is the units digit of (u/(-1) + -3)*l?
4
Let j(y) = 8*y**2 + 3*y - 5. What is the units digit of j(2)?
3
Let i(n) = n**3 + 8*n**2 + 5*n - 4. Let d(u) = u + 8. Let j be d(-7). Let y be (0 - j)/1 + -6. What is the units digit of i(y)?
0
Suppose 7*u = 2*u - 30. Let z = u - -15. Let v = -6 + z. What is the units digit of v?
3
Let y = -18 - -25. Suppose 5*v = 5, -5*i + 3*v + y = -0*v. Suppose i*u = 4*u - 2. What is the units digit of u?
1
Suppose 3*y - 17 = 13. What is the units digit of y?
0
Suppose 4*b - 62 = -y + 4*y, -2 = -b. Let h = y - -29. What is the tens digit of h?
1
Let q(m) = m**3 + 9*m**2 + m + 11. Let p be q(-9). Let a be (-2)/((-1)/p*1). Suppose a*j = 0, -2*j = -5*z - j + 10. What is the units digit of z?
2
Suppose -4*j + 4*u = -584, -5*j + 674 = -4*u - 53. What is the units digit of j?
3
Suppose -5*x = -z + 114, -5*x - 4*z - 61 = 33. Let k = -13 - x. Suppose r - 48 = -4*t - k, 2*r - 28 = 2*t. What is the tens digit of r?
1
Suppose 2*x - 14 = m, -4*x - 50 = 3*m - 2*x. Let y be m/6*6/(-4). Suppose 4 = 2*b - y*t - 4, -b = t - 10. What is the units digit of b?
8
Suppose 2*k = 4*r + 14, 2*k - 6 = 3*r + 6. Suppose 0*n + 77 = 4*n + g, k*n = 5*g + 29. What is the tens digit of n?
1
Let j(v) = -v**3 + 15*v**2 - 5*v - 15. What is the units digit of j(14)?
1
Suppose 0*g - 57 = -2*g - f, 3*f - 31 = -g. What is the tens digit of g?
2
Suppose 2*h + 5*g + 23 - 160 = 0, g = 5*h - 356. What is the tens digit of h?
7
Suppose -2*c + 10 = 2. Suppose 0 = 3*p + 2*q - 3*q - 9, -c*p + 20 = -4*q. Suppose 0 = -0*d - p*d + 8. What is the units digit of d?
4
Let x = -66 - -332. What is the tens digit of x?
6
Suppose -2*w = -92 - 120. Suppose -3*m - 2*m = -3*n + w, 3*n - 6 = 0. Let b = -10 - m. What is the tens digit of b?
1
Let g(q) = q**2 - 7*q + 5. Let a be g(6). Let o be a/(2*(-2)/16). Suppose -o*f + 0*f + 64 = 0. What is the units digit of f?
6
Let n = -68 - -108. What is the tens digit of n?
4
Suppose 3*r = v + 87, 58 = 2